uppose -13*p - 14*p = -891. Suppose 4505 = p*f - 51364. Is f a composite number?
False
Is ((-450466)/(-8))/(1265/460 - 10/4) a composite number?
True
Suppose -6*y + 8 = -16. Let o = 233 + -228. Suppose -i + 4309 = y*w, 3*w - 2*i = -o*i + 3234. Is w a composite number?
True
Is ((-2)/(-7))/((-168)/(-3353364)) a composite number?
True
Let r(f) = 88485*f**3 + f**2 + 3*f - 2. Let v be r(1). Suppose 0 = 4*y + 8*w - 3*w - v, -22119 = -y - 4*w. Is y prime?
True
Suppose 15*a - 62766 = 26*a. Let c = 8125 + a. Is c composite?
True
Suppose -107*o + 110*o = 0. Suppose o = -18*v + 19*v - 11027. Is v prime?
True
Suppose -2*i + 39 = 65. Let h = -4 - i. Suppose 0 = -12*l + h*l + 555. Is l a composite number?
True
Let f = 1337 - 852. Suppose f = 5*b - 680. Is b a composite number?
False
Suppose 2*q + 5*u = 5*q + 4786, -5*u = 2*q + 3224. Let b = 2355 + q. Let w = b + 358. Is w a prime number?
False
Suppose 304526 - 15436 + 578745 = 5*a. Is a prime?
False
Suppose -6*j = -5*j + 5*z - 6268, z - 12491 = -2*j. Let q = -4190 + j. Is q composite?
False
Let i(t) = -4*t + 4. Let z be i(1). Suppose z = 55*u - 44*u - 58663. Is u prime?
True
Suppose 3284*r = 3291*r - 49441. Is r composite?
True
Let j(o) = 7*o**3 - 10*o**3 + 7*o**3 + 1 + 6 + 4*o. Let v be j(-4). Let p = 386 + v. Is p a prime number?
False
Suppose 131*m - 133*m = 5*v - 174555, -5*m - 25 = 0. Is v a composite number?
False
Let p = -34204 + 69695. Is p a prime number?
True
Is (-30 - (-27 + 13)) + 495018 prime?
False
Let t(z) = -13708*z**3 + 2*z**2 + 18*z + 17. Is t(-1) composite?
False
Suppose -g = -5*y + 274250, -26*y - 5*g = -22*y - 219429. Is y a prime number?
True
Suppose -434 = 84*a - 22*a. Let p(h) = -h**3 - 5*h**2 - 8*h - 12. Let l(i) = -i. Let c(t) = l(t) + p(t). Is c(a) a composite number?
False
Let v = 10645 + -2788. Let o = v + -15425. Is ((-1)/7)/1 + o/(-7) composite?
True
Let l be (96/(-10))/(((-12)/45)/(-2)). Let a = l + 367. Is a a prime number?
False
Suppose 3*i - 69 = -4*k, 12 = i + 3*i. Suppose 11*u + 476 = k*u. Let r = u - -47. Is r composite?
True
Let z be (-95)/2*3933/(-45)*2. Suppose -z + 188 = -15*t. Is t a composite number?
False
Let f = 37 - 27. Let a be 4/f + -1 + 6/10. Suppose a = 3*d - 7*d + 2564. Is d a prime number?
True
Let v(t) = t**3 + 5*t**2 - 12*t - 60. Let a be v(-5). Suppose -g - 3*q + 4762 = a, 0*g + g = 3*q + 4768. Is g a composite number?
True
Suppose -2*x = 3*c + 10, c - 18 = 3*x - 3. Let m(w) = 0*w + 4*w + 5*w**2 + c*w - w - 321*w**3 - 3. Is m(-2) prime?
True
Let s(k) be the second derivative of 65*k**4/12 + 3*k**3 + 11*k**2/2 - 59*k. Is s(12) a composite number?
False
Let t(v) = 9 + 134*v**2 + 40*v**2 - 15*v**2 - 9*v - 4. Is t(3) composite?
False
Suppose -3*w + 27*j = 22*j - 57407, 0 = -4*w - 3*j + 76533. Let b = w + 581. Is b a composite number?
True
Let c = 150 - 141. Suppose 5*l + 4053 = 5*y + c*l, -2*y + 1624 = 3*l. Is y a prime number?
True
Let m(s) = -s**3 - 2*s**2 + 4*s + 4. Let j be m(-4). Let c(b) = -b**3 + 20*b**2 + 11*b - 33. Is c(j) a prime number?
False
Let k = 88497 - 7444. Is k a composite number?
True
Let i = -4180 - -93933. Is i prime?
True
Let z(p) = 14*p**2 - 3*p + 32. Let y be z(-14). Suppose 12*a - 11*a = 3*b - 8434, b = -a + y. Is b a prime number?
False
Let n(k) = -k - 18. Let b be n(-16). Is (140/210)/(-2*b/10074) prime?
False
Suppose -4*v - 24 = 0, 12*v = -4*i + 11*v + 59918. Is i a prime number?
False
Let s be 3/(-15) - (-166)/5. Suppose -3*p + p = 5*r - 1533, 5*p - 2*r - 3876 = 0. Is s/55 + 1 + p/10 prime?
True
Let m(r) = r**3 + 4*r**2 - 4*r - 9. Let i be m(-4). Let f(o) = -7*o + i + 8*o**3 + 5*o**3 - 4*o**2 - 14*o**3. Is f(-7) composite?
True
Let b(k) = -53 - 116*k + 12 - 40. Let w(c) = -39*c - 27. Let q(v) = -2*b(v) + 7*w(v). Is q(-10) a composite number?
False
Let q(d) = -7*d + 107. Let n(j) = 4*j - 53. Let g(c) = 5*n(c) + 2*q(c). Is g(24) composite?
True
Let i(v) = v**3 - 13*v**2 + 14*v - 3. Suppose -6*g + 27 = -45. Is i(g) composite?
True
Let k(d) = 5*d**2 + 15*d - 9. Let n = -42 - -49. Let o(v) = v - 14. Let f be o(n). Is k(f) prime?
True
Suppose -4*y = 3*x - 732631 - 529058, -2*x = -y - 841093. Is x a composite number?
False
Let t = 23 - 18. Suppose 27*u + 3*o = 29*u - 2798, -2*u + 2798 = t*o. Is u composite?
False
Let r = 156 - -611. Suppose 0 = -5*y + 2*y - 1290. Let f = y + r. Is f prime?
True
Let v(u) = u + 17. Let k(h) = h**3 - 3*h**2 - 5*h - 9. Let d be k(5). Let j be v(d). Let g = 352 - j. Is g a prime number?
False
Suppose 0 = -2*p - 4*q + 63674 + 12484, 0 = -4*p + q + 152271. Is p a prime number?
True
Suppose 126 = -10*d + 17*d. Is (6/d)/(3/9441) composite?
False
Let d(v) = 4937*v + 2540. Is d(31) prime?
False
Let d(i) = -14560*i**2 + 4*i + 3. Let z be d(-1). Is z/(-3) - 14/21 prime?
False
Suppose -707*a + 710*a - 4*n - 601622 = 0, -2*n + 200524 = a. Is a composite?
True
Let f(t) = -8609*t**3 + 20*t**2 - 2*t + 1. Is f(-2) a composite number?
True
Let h(u) = 2*u**2 + 31*u + 18. Let w be h(-15). Suppose -29*l + 429494 = -w*l. Is l a prime number?
True
Suppose 18*l = -19*l + 10*l + 128439. Is l prime?
False
Let f be ((-12)/36)/(2/(-17814)). Suppose -j = -5*g - 2482, -4*g = 2*j - 2037 - f. Is j a composite number?
True
Let t(q) = -247*q + 185. Let h(u) = 248*u - 187. Let c(j) = -7*h(j) - 6*t(j). Is c(-30) composite?
True
Suppose -5*f = 5*z - 551705, -24*z + 19*z + 10 = 0. Is f prime?
True
Suppose 23*d = 41*d - 26*d. Let v(p) be the second derivative of -p**5/20 + p**4/12 + p**3/6 + 127*p**2/2 + 2*p. Is v(d) prime?
True
Is 21 + -19 + 17859/5*(5 + 0) prime?
False
Let t(c) = 21*c**3 - 3*c**2 - 7*c + 8. Let n be t(2). Let m = -193 + 360. Suppose 5*o = 2*y - 178 - n, -y + m = -o. Is y prime?
False
Let d = -137110 + 255989. Is d a prime number?
False
Suppose -27*h - 206759 = -30*h + 4*y, 4*h - 3*y = 275674. Is h prime?
True
Let l(t) = t**3 + 17*t**2 + 34*t + 67. Let a be l(-15). Let j(i) = 595*i**2 + 20*i - 26. Is j(a) composite?
False
Suppose 134*w - 37*w - 1850099 = -142*w. Is w prime?
True
Suppose r - 52273 + 557611 = 9*u, 56134 = u - 5*r. Is u prime?
True
Is 31494 - (23 - (20 + -10)) a prime number?
True
Suppose -133*c + 245775 + 690678 = 0. Is c composite?
True
Let a(g) = -g**3 - g**2 - 4. Let w be a(-2). Let u = 2 - w. Suppose -3891 = -5*d + u*r, 2*r - 3899 = 2*d - 7*d. Is d a composite number?
True
Let p = -249 - -255. Suppose h = -3*v + 6, -4*h - v + 0*v + 13 = 0. Suppose -p*z = -3*z - h*s - 2088, -25 = -5*s. Is z prime?
True
Let q(j) = 8270*j**2 + 87*j + 345. Is q(-8) a composite number?
False
Suppose 3 = l, 0 = -7*q + 5*q + 5*l + 1071. Is 3*(q - 2) - 0/(-12) a composite number?
True
Is ((-2)/(-2)*2)/(408/493068) composite?
False
Suppose -37*x - 1368772 = -41*x - 4*g, 2*g = 12. Is x a prime number?
True
Suppose 272*c - 317*c + 1167048 = -403857. Is c composite?
True
Let t be -1 - -274 - (4 + 1). Suppose -1257 + t = -y. Is y a composite number?
True
Let r(l) = -5*l + 44. Let f be r(9). Let g(t) = -5*t - 1. Let y be g(f). Suppose 0 = 4*v + y*v - 21640. Is v a prime number?
False
Let c(k) = k**3 + 13*k**2 - 28*k + 34. Let a be c(-15). Suppose -a*o = -82977 + 27725. Is o composite?
True
Suppose 2*s - 4*q = 2, 3*s - 4*q + 7 = 4*s. Suppose -s*h = -0 - 0. Suppose -10*n + 13*n - 1149 = h. Is n prime?
True
Let b be (-5)/280*-8 - 450378/(-14). Suppose -3868 + b = 6*d. Is d a prime number?
False
Let l be (30 + -24)*(2 + 376). Suppose 67 = 2*d - 3*y - 4504, 0 = d - 5*y - l. Is d a composite number?
False
Let z(a) = -2*a + 17. Let g(l) = -5*l + 50. Let n(q) = 3*g(q) - 8*z(q). Let y be n(-9). Suppose -i = -619 + y. Is i prime?
False
Suppose -74286 + 401640 = 6*j. Is j a prime number?
True
Let d(h) = -h**3 + 10*h**2 - h + 11. Let o be d(10). Let c be (-1 - o)*-1 + 279. Let i = 1194 - c. Is i a composite number?
True
Let u = 124991 + -182504. Is (-10)/(-35) - (4 + u/21) composite?
True
Let d = -1273 - -1099. Suppose g + 542 - 1598 = -3*m, -1056 = -3*m + 3*g. Let q = d + m. Is q composite?
True
Suppose -6*s - 17 = -5. Let q(d) = 609*d**2 - 2*d - 2. Let i be q(s). Suppose 802 = -4*w + i. Is w a prime number?
True
Suppose 32*f - 29*f - 287454 = -3*u, 4*f = 5*u - 479045. Is u prime?
True
Let d = -6870 - -11049. Let b = -7208 - -7202. Is (d/b + -3)*-2 prime?
True
Let o(n) = 378*n**2 + 4*n + 5. Let p be o(-3). Suppose 0 = 4*t - 1565 - p. Let q 